e 36 = 4*w - 108. What is the highest common divisor of w and s?
18
Suppose 0 = 7*c - 8*c - 61. Let f = c + 85. Calculate the highest common divisor of f and 16.
8
Let f be (-1 - 1)*(-3)/(-6). Let o = f + 13. Suppose -4*s - 472 = -5*b, -4*b + 0*s + 392 = 4*s. Calculate the greatest common divisor of o and b.
12
Suppose -3*v - v + v = 0. Let t be (-5)/(v + (-4)/184*2). What is the highest common divisor of t and 46?
23
Suppose o + 4*o = 20. Suppose -2*w - 4 - 1 = -d, -d + o*w = -3. Let l be (-2)/((-183)/(-189) - 1). What is the highest common factor of l and d?
7
Suppose 5*g - 4*g = 4*q + 155, -3*q - 15 = 0. Calculate the greatest common factor of 15 and g.
15
Suppose -2*q - 3*a = 3*q - 239, 0 = 3*q + 3*a - 147. What is the highest common divisor of 1840 and q?
46
Let t be 1 - -11*1/1. Suppose -2*l - 30 = -2*q - 12, -3 = -3*q - 5*l. Calculate the greatest common factor of t and q.
6
Suppose -7 = -z - 4*m, -3*z - 3 = -5*m - 24. Let t = -21 - -35. Calculate the greatest common factor of z and t.
7
Let w(z) = -z**3 - 3*z**2 + 18*z. Let j be w(-8). What is the greatest common factor of 11 and j?
11
Let f = 19 - 18. Let a be -2*((-5)/(-10) - f). Suppose 3*c - 4 = 8. What is the greatest common factor of c and a?
1
Let v = 998 - 900. Suppose -2*u + 9 = -1, k + u - 19 = 0. Calculate the greatest common divisor of v and k.
14
Suppose 5*m - 225 = 195. Suppose -m = -7*j + 4*j. Calculate the highest common divisor of 308 and j.
28
Let q(y) = -y + 10. Let b = 22 + -16. Suppose 3*h = -24 - b. Let p be q(h). What is the highest common factor of 220 and p?
20
Suppose 19*z = 28*z + 1755. Let q = -139 - z. What is the greatest common divisor of q and 7?
7
Let v = 240 - 136. What is the greatest common divisor of v and 16?
8
Let r be ((-3)/6)/((-2)/(-4)). Let d(f) = -24*f - 1. Let i be d(r). Suppose -5*t + i = -27. Calculate the highest common factor of t and 50.
10
Suppose 1008 = -253*m + 262*m. Let u = 4 - 4. Let j(x) = -x**3 + x**2 - x + 14. Let h be j(u). What is the greatest common factor of h and m?
14
Let r = -1975 - -3239. Calculate the highest common factor of 79 and r.
79
Suppose -3*s + 540 = 3*z, 3*s - 6*z - 505 = -2*z. Calculate the highest common divisor of s and 50.
25
Suppose 11*x - 377 = 107. Let r = 14 - 3. Calculate the highest common factor of x and r.
11
Let i be (-4)/10 + (-20256)/(-40). Suppose 25*w = 27*w - i. What is the highest common divisor of w and 23?
23
Suppose -n - 9*o = -10*o - 109, -3*o = 15. Suppose 0 - 7 = r + 5*s, -2*r + 42 = -4*s. What is the highest common factor of r and n?
13
Let t(c) = c**2 - 3*c. Let z be t(4). Let n be (-4)/(-14) - (-15)/42*30. Let p(b) = 4*b - 24. Let u be p(n). What is the highest common divisor of z and u?
4
Suppose -5*f = 5*v - 75, 0*v = 4*v - 5*f - 24. Suppose q - 2 = v. What is the greatest common factor of 130 and q?
13
Let y = 4 - -2. Suppose 8*h = y*h - 8. Let j = 13 + h. What is the greatest common divisor of j and 6?
3
Let v be -4*3*2/(-6). Let z be v/12 - (-1)/(-3). Suppose z = 4*l - 139 - 725. Calculate the highest common divisor of 24 and l.
24
Suppose -4*w - 10 = -2*v, -17 = -8*v + 6*v - 3*w. Suppose -5*j = -2*j - 9. Suppose -j*k = k - 252. What is the highest common factor of v and k?
7
Let u(x) = -4*x**2 - 30*x + 8. Let p be u(-7). Calculate the greatest common divisor of 2 and p.
2
Let g(b) = 160*b**3 - b**2 + b. Let s be g(1). What is the greatest common factor of 64 and s?
32
Suppose 0 = 2*l - 6 - 10. Suppose 4*x - l*x = -64. Suppose 4*b - x + 0 = 0. What is the greatest common factor of b and 6?
2
Let x = -129 - -179. Calculate the highest common divisor of 40 and x.
10
Let c(w) = w**2 - 10*w + 12. Let d be c(10). Let o be (-24)/(-3)*21/d. Let v = 28 - 14. What is the greatest common factor of v and o?
14
Let v = 1654 - 1646. What is the highest common divisor of v and 2064?
8
Let q = 19 - 14. Suppose f - q = 1. Suppose t = f*t - 350. What is the greatest common factor of t and 10?
10
Suppose -n - 2 = 0, -22*u - 3*n = -19*u - 1314. What is the highest common divisor of 120 and u?
40
Let v = 20 + -60. Let q be 12/(-8)*v/3. Calculate the greatest common divisor of q and 8.
4
Suppose -3*d + 138*t - 141*t + 12 = 0, 0 = 4*t + 16. Let u be (-1*8)/((-1)/2). Calculate the highest common factor of d and u.
8
Let s = -117 - -927. Calculate the greatest common divisor of s and 30.
30
Suppose 15*w + 924 = 43*w. Calculate the greatest common factor of 1760 and w.
11
Let z(o) = -o**2 + 12. Let j = 24 - 20. Let y be 2/j*0/1. Let t be z(y). What is the greatest common factor of 60 and t?
12
Let q(r) = 17*r**2 - 22*r + 58. Let g be q(3). What is the highest common divisor of 87 and g?
29
Let q be 15/(19/(-5) + 4). Suppose -q*y + 90 = -70*y. What is the highest common divisor of y and 36?
18
Let j be (4/(-8))/(6/(-1716)). What is the highest common factor of j and 11?
11
Let c(y) = y + 91. Let g be c(-36). What is the highest common factor of g and 715?
55
Suppose -4*u + 32 = -0*u. Suppose u = -3*l - l. Let g be ((-34)/6)/(l/6). Calculate the highest common factor of g and 85.
17
Suppose -2*i + 2*b = 7*b - 33, -2*b + 10 = 0. Let v(r) = 25*r + 40. Let s be v(i). What is the highest common divisor of s and 56?
28
Suppose -51 = -2*f - k, 10*k = 2*f + 9*k - 41. What is the greatest common divisor of f and 115?
23
Suppose 13*d = 1627 + 63. What is the greatest common factor of 2470 and d?
130
Let s be (-196560)/234*(1 - 0)/(-1). What is the greatest common divisor of s and 20?
20
Suppose -2*g + 5*g - 6 = 0. Suppose 3*r = -g*x + 5*x + 420, 12 = 3*x. Calculate the greatest common divisor of 18 and r.
18
Let d = -34 - -14. Let j be (-16 + -3 - 3)*d. What is the greatest common divisor of 40 and j?
40
Let j(q) = 1 + 7 + 33*q + 5*q + 18*q. Let m be j(1). What is the highest common divisor of 16 and m?
16
Let d(i) = i**2 + 1 - 2 - 4*i - 3. Let p be d(6). Calculate the greatest common divisor of p and 72.
8
Let l(i) = i**3 + 6*i**2 - 9*i - 10. Let h be l(-7). Calculate the highest common factor of h and 8.
4
Let t = 131 - 91. Suppose -4*z - z = t. Let f be -1 - 2/2 - z. What is the highest common divisor of 42 and f?
6
Let y be (-3)/(-6)*17*-2. Let l = 25 + y. Let z = 64 - 56. Calculate the highest common factor of z and l.
8
Let d(w) be the first derivative of w**2 + 3*w + 3. Let o be d(5). Suppose -6*c + 54 = -102. What is the greatest common divisor of c and o?
13
Suppose 3*r + 4*w - 264 + 44 = 0, -3*w - 15 = 0. Calculate the greatest common factor of 120 and r.
40
Suppose -16*o + 1142 = -138. Calculate the highest common factor of o and 1440.
80
Suppose 2*z + 12 = 8*z. Suppose 5*b = z*w + 25, -2*b - 2*w + 2 - 6 = 0. Calculate the highest common factor of b and 3.
3
Suppose -5*h - 393 = -3*p, 4*p - 6*h - 495 = -9*h. Calculate the highest common factor of p and 63.
63
Let u(l) = 183*l - 186. Let n be u(2). What is the highest common divisor of 40 and n?
20
Let j be -2 + (-4 - -3) - (7 - 26). Let z be 180/j - (-3)/(-12) - 1. Calculate the greatest common divisor of z and 130.
10
Let c = -501 + 581. Suppose -n + 5*n - 64 = 0. What is the greatest common divisor of c and n?
16
Let f = 17 - 8. Let q be (-11)/((-12)/f + 1). Let o be -4*1/((-4)/q). Calculate the highest common divisor of o and 22.
11
Let y be 7/(-7) + 64 + 2. Let l = 322 - 296. Calculate the greatest common factor of l and y.
13
Suppose -4*a = -a - 66. Let o = -18 + a. Suppose -o*p + 8*p - 24 = 0. Calculate the highest common factor of p and 3.
3
Let s = -844 - -848. Let o(d) = d**2 + 4*d + 2. Let j be o(-4). Let x be j + (2*2 - 0). Calculate the greatest common factor of s and x.
2
Let h = 497 - 699. Let l = -114 - h. Calculate the greatest common factor of 16 and l.
8
Suppose -219*k + 213*k + 270 = 0. Calculate the highest common divisor of 855 and k.
45
Let u = -62 + 91. Suppose 3*z = u + 67. Suppose -3*a - 2*t + 15 = 0, -4*a + t + z = 1. Calculate the highest common factor of a and 1.
1
Let q(y) = -1 + 7 - 10*y + 3*y + 3*y**2. Let k be q(-5). Suppose -k = -g + 12. What is the highest common factor of 16 and g?
16
Let k = -37 - -53. Let q = k + -4. What is the greatest common factor of 120 and q?
12
Let v be (-5)/3 + 264/18. What is the greatest common factor of v and 26?
13
Suppose -5 = o, -4*i + 4*o + 358 = 6*o. What is the greatest common